hat is the hundreds digit of u(10)?
7
Let p be -38*1 - (6 + (-5 - -2)). Let c = -36 - p. Suppose -c*s = -15, -3*s + 6*s + 159 = 3*b. What is the units digit of b?
6
Suppose 5*n + 6200 = 5*z, -2*z + 2486 = 18*n - 23*n. Let k = z + -455. What is the tens digit of k?
8
Suppose -2*o + 14 + 1782 = 0. Suppose -5*f = 20, -2*j + 0*f - f + o = 0. What is the hundreds digit of j?
4
Let j be (-320)/(-6) + 12/18. Suppose j - 6 = 2*p. Suppose p - 264 = -5*a. What is the units digit of a?
8
Let h(a) = -1426*a**2 + 32*a - 33. Let t be h(1). Let l = t - -2252. What is the hundreds digit of l?
8
Suppose -3*o + 15*o + 8*o - 447360 = 0. What is the tens digit of o?
6
Let q = -18428 + 45507. What is the hundreds digit of q?
0
Suppose -6*n + 3*n = -4*g - 8, 5*n + g + 2 = 0. Let u be ((n - -5) + 9)*1. Let t = u + 104. What is the hundreds digit of t?
1
Suppose 5*g - 10*g + 4*y = -21, 2*g = y + 9. Let m(v) = 49*v - 75. What is the units digit of m(g)?
0
Let a(i) = -233*i - 73. Let p be a(-2). Suppose 1749 = 2*v - p. What is the tens digit of v?
7
Let y(r) = 48 - 70 + 137*r - 68 - 36*r. What is the hundreds digit of y(8)?
7
Suppose 21962 = 3*j + 4*r, -28*r = -3*j - 25*r + 21927. What is the units digit of j?
4
Let c(x) = 4*x**2 + 70*x - 34. Let v be c(-18). What is the hundreds digit of ((-1794)/7 + v/7)*-1?
2
Suppose 3*a = 4*t - 1331, -6*a + 5*a + 1343 = 4*t. Let z = 678 - t. What is the units digit of z?
3
Let y(x) = 54*x**2 - 54*x + 12. What is the thousands digit of y(8)?
3
Let l(o) = -3*o**2 - 48*o - 19. Let n(v) = -11*v**2 - 142*v - 56. Let s(u) = -7*l(u) + 2*n(u). What is the hundreds digit of s(21)?
6
Suppose 4*x + 2052 = 7*x + w, 5*x + 2*w - 3420 = 0. Suppose -16*t - 3188 = x. Let h = t + 421. What is the units digit of h?
9
Let v be 30/(-4)*(-36)/54. Let l(f) = -3*f - 21. Let d(m) = -m. Let r(j) = 4*d(j) - l(j). What is the tens digit of r(v)?
1
Suppose 21*n - 24*n + 3 = 0. What is the tens digit of -2 - ((-321)/3 - n)?
0
Let o = -8608 - -30293. What is the ten thousands digit of o?
2
Let r be (-56)/(-98) + (-6)/(-14). What is the tens digit of 1*-302*r/(-6)*6?
0
Suppose 4*g = -2*q + 119138, -3*q + 9928 + 19864 = g. What is the units digit of g?
3
Let g(x) = 3*x**3 + 6*x**2 + 9*x - 19. Let n(t) = t**3 - 11*t**2 + 5*t - 49. Let u be n(11). What is the hundreds digit of g(u)?
8
Suppose 2 = j + 5*o, -5*j + 64 = -3*o + o. Let q(c) = -19*c**2 + j*c**2 + 8*c**2 - 17*c - 10. What is the units digit of q(18)?
8
What is the ten thousands digit of -1 + 9 + -11 - (-1 + 341*-31)?
1
Let g = -52 + 76. Suppose 23*q = g*q - 576. What is the tens digit of q?
7
Suppose 5*d + 8 - 23 = 0. Suppose -3*s = -d, 0 = 5*c - 4*s + 36 + 18. What is the units digit of 259 - (c + (-4 - -9))?
4
What is the hundreds digit of -12 + (-6 - -28) - -9604?
6
Let u(f) = 2*f**2 + 23*f - 13. Let n(g) = g**3 - 6*g**2 + 6*g - 9. Let b(w) = -3*w + 25. Let j be b(7). Let m be n(j). What is the tens digit of u(m)?
7
Suppose -8*q + 4 = -7*q. Suppose p + n = 7, p + 2*n + 2 = q*n. What is the units digit of (p + 276/8)/(1/2)?
7
Suppose -14448 = -5*c + 13*c. Let a = c - -2773. What is the units digit of a?
7
Let r(l) = 7*l**2 + l - 32. Let u be r(-8). Suppose -3*f = 4*p - 516, 43*f = -3*p + 46*f + u. What is the units digit of p?
2
Suppose -21*p + 17*p + 16 = 0. Suppose -f + x - p*x = -256, 4*f - 954 = 2*x. What is the units digit of f?
1
Suppose 20*x - 6294 - 32546 = 0. What is the units digit of x?
2
Let y(m) = -6*m + 37. Let g be y(-6). Suppose 5*t + 253 - g = n, 720 = 4*n + 5*t. What is the hundreds digit of n?
1
Suppose -4*k = -3*f + 54399, 6*k = -2*f - 2*f + 72566. What is the units digit of f?
7
Let g = 2645 - -6210. What is the tens digit of g?
5
Suppose -2*h - 92 = 2*h. What is the units digit of (h/46)/(2 - 1105/552)?
6
What is the units digit of (6/(-9))/(416675/69447 + -6)?
4
Let w = -2577 + 7117. What is the hundreds digit of w?
5
Let v = 2 - -41. Let p(s) = 21*s + 3. Let t be p(2). Suppose -t*w = -v*w - 104. What is the tens digit of w?
5
Let w(g) = 6*g - 20. Suppose d = -3*m + 12, 20 = m + 4*m - 4*d. Let c be w(m). Let t(y) = 7*y**2 + 5*y - 10. What is the hundreds digit of t(c)?
1
Suppose 15*t - 2*t + 0*t = 0. Suppose t = 2*k + 4*y - 2448, 0 = k + k - 4*y - 2440. What is the tens digit of k?
2
What is the thousands digit of (-26388)/(-10)*(-10)/(-2)?
3
Let i(q) = q**3 + 4*q**2 - 6*q. Let y be i(-5). Suppose -y*k - 2*n = -2339, -n + 92 = -2*k + 1024. What is the hundreds digit of k?
4
Let k(z) = z**3 + 6*z**2 + 6*z - 3. Let c be k(-3). Let o be 4*(4/c - (-56)/96). What is the units digit of (-11713)/(-85) - (-1)/o?
8
Let y(b) = -62*b - 61 - 72 + 138. Let j be y(-8). Suppose 5*d - 4*r - j = -0*r, -d + 96 = -5*r. What is the tens digit of d?
0
Suppose -2*k - 58 - 56 = 0. Let b = -54 - k. What is the units digit of 426/5*1 - b/15?
5
Let g be -1 + 6/2*-1. Let h(z) = 9 - 15 - 10 - 12*z. What is the tens digit of h(g)?
3
Suppose 3*q + 20 = 6*g - 2*g, 5*q - 5*g = -25. Let o be (-1 - q - 1)/(12/(-714)). Let y = o + -88. What is the units digit of y?
1
Suppose 59 = -5*n + 279. Let t = n - 115. Let y = t + 146. What is the units digit of y?
5
Let t = 331 + -373. What is the hundreds digit of ((-1)/6)/(t/137844)?
5
Let v(h) = 343*h**2 - 3*h + 5. Let m be v(1). Suppose 4*n + 455 + 357 = 0. Let i = n + m. What is the hundreds digit of i?
1
Let p be (4/4)/((25/(-2345))/(-5)). Suppose -w - 278 = -2*k, -4*k + 81 = -5*w - p. What is the hundreds digit of k?
1
Let h = -495 + 5012. What is the hundreds digit of h?
5
Let j(c) be the first derivative of -11*c**4/2 + c**3 + c**2/2 - 3*c + 18. Let v be j(-2). Let y = v + -27. What is the units digit of y?
6
Let h be (-4 - 0)*(21/(-6) - -3). Suppose -b = h*b + 390. Let y = b + 218. What is the units digit of y?
8
Let x be (-14 + 6 + -4)*(-2)/4. Suppose -x*z + 565 = -z. Suppose 0 = -o - k + z, -3*o - k + 247 = -86. What is the hundreds digit of o?
1
Suppose -5*u = -2*u + 3*r - 210, 1 = r. Let y = 296 - u. What is the units digit of y?
7
Let b = 4829 + 1369. What is the hundreds digit of b?
1
Suppose 2*v + 4*n + 20 = 0, 3*v + 4*n + 22 = -0*v. What is the hundreds digit of 4/4 + v + 388?
3
Suppose -192*x - 41*x + 7807690 = 2635090. What is the hundreds digit of x?
2
Suppose 54*t + 182 = 80*t. Let u(q) = -5*q**2 + 5*q + 14. Let w(k) = k - 1. Let h(j) = -u(j) - 2*w(j). What is the tens digit of h(t)?
8
Let x(r) = -68*r - 3151. What is the thousands digit of x(-99)?
3
Suppose 240 = 4*q + 28. Suppose 30*i - q = 29*i. What is the units digit of i?
3
What is the hundreds digit of 1705 + 3/(-45)*5*-18?
7
Let k(v) = -31*v + 56. Let m be k(3). Let s be 1/2 - 23/2. Let z = s - m. What is the tens digit of z?
2
Suppose 67028 = 2*u - j, -83*u = -82*u + j - 33523. What is the thousands digit of u?
3
Let k(t) = 27*t**2 - 4*t - 3. Let z(s) = s**2 - 6*s + 7. Suppose 2*x + 3*q + 3 = 0, -3*x = -x + 5*q + 9. Let v be z(x). What is the hundreds digit of k(v)?
1
Let r be 4/(-5) + (-246)/5. Let j = -43 - r. Suppose -j*v - v = -248. What is the units digit of v?
1
Let j(x) = 12 + 15*x - 10*x + 14*x + 7*x. Let n be j(5). Let s = n + -46. What is the units digit of s?
6
Suppose -2*p - 3*f = 2*p - 26, 8 = 4*f. Suppose -3*z + 1740 = p*k, 3*k + 707 = 5*k - z. What is the tens digit of k?
5
Let w(u) = -u**2 + 68*u + 17. Suppose 0 = -9*o + 410 + 31. What is the tens digit of w(o)?
4
Let r(c) = -2*c**3 - 5*c**2 + 9*c + 5. Let i be r(-5). Let m be 2 + 2*114/(-6). Let d = m + i. What is the units digit of d?
9
Let x(d) = 7*d**2 + 3*d - 5. Suppose -2*f + 206 = -4*t + 2*t, -2*f + 207 = -3*t. Let g = -107 + f. What is the units digit of x(g)?
5
Suppose m + 3 - 11 = 0. Let n be (-513)/(-1)*(-2)/(-6). Suppose m*d - n = 5*d. What is the tens digit of d?
5
Let y(v) be the first derivative of 5*v**3/3 + 4*v + 23. What is the hundreds digit of y(5)?
1
Let a(x) = 20*x - 61. Suppose 3*h - 3*p = 42, 3*h - 3*p - 24 = 2*h. What is the hundreds digit of a(h)?
1
Suppose 8*s - 3*s = -5*f - 710, -282 = 2*s + 3*f. What is the units digit of (36/s)/((-1)/748)?
7
Let t(h) = -h**2 - h + 38. Suppose -3*l - 24 = 5*n, -l + 2*l + 22 = -4*n. Let s be (-2 - (n + 3)) + -1*1. What is the tens digit of t(s)?
3
Suppose 3*a + 1 = 1. Suppose a*s - 10 = -2*s. Suppose -s*c + 292 = -c. What is the tens digit of c?
7
Let j = 173 - 17